{"id":10,"date":"2024-07-31T12:03:51","date_gmt":"2024-07-31T10:03:51","guid":{"rendered":"https:\/\/lesmerveillesdechoupinou.fr\/?page_id=10"},"modified":"2024-09-19T16:44:51","modified_gmt":"2024-09-19T14:44:51","slug":"remboursements_retours","status":"publish","type":"page","link":"https:\/\/lesmerveillesdechoupinou.fr\/index.php\/remboursements_retours\/","title":{"rendered":"Conditions g\u00e9n\u00e9rales de vente"},"content":{"rendered":"<p><b>.<\/b><\/p><h1 class=\"wp-block-heading\">Conditions G\u00e9n\u00e9rales de Vente<\/h1><h2 class=\"wp-block-heading\">Mentions L\u00e9gales<\/h2><h3 class=\"wp-block-heading\">Identit\u00e9 du Vendeur<\/h3><ul class=\"wp-block-list\"><li><strong>Nom et Pr\u00e9nom<\/strong> : Gallo Sandrine<\/li>\n\n<li><strong>Adresse de Domicile<\/strong> : bikini 15100 roffiac<\/li>\n\n<li><strong>Num\u00e9ro de T\u00e9l\u00e9phone<\/strong> : 0762761304<\/li>\n\n<li><strong>Adresse de Courrier \u00c9lectronique \/ Formulaire de Contact<\/strong> : lesmerveillesdechoupinou.fr \/ <a href=\"https:\/\/lesmerveillesdechoupinou.fr\/index.php\/contact\/\">Contacter choupinou \u2013 WordPress (lesmerveillesdechoupinou.fr)<\/a><\/li><\/ul><h3 class=\"wp-block-heading\">Responsables de la Publication<\/h3><ul class=\"wp-block-list\"><li><strong>Nom du Directeur de la Publication<\/strong> : gallo Sandrine <\/li><\/ul><h3 class=\"wp-block-heading\">H\u00e9bergement du Site<\/h3><ul class=\"wp-block-list\"><li><strong>Nom de l&rsquo;H\u00e9bergeur<\/strong> : OVH, OVH SAS est une filiale de la soci\u00e9t\u00e9 OVH Groupe SA, soci\u00e9t\u00e9 immatricul\u00e9e au RCS de Lille sous le num\u00e9ro 537 407 926 sise 2, rue Kellermann, 59100 Roubaix.<\/li>\n\n<li>contact : <a href=\"https:\/\/www.ovhcloud.com\/fr\/lp\/request-ovhcloud-registered-domain\/\">Formulaire de contact pour un domaine enregistr\u00e9 chez OVHcloud&nbsp;| OVHcloud<\/a><\/li><\/ul><h3 class=\"wp-block-heading\">Informations L\u00e9gales<\/h3><ul class=\"wp-block-list\"><li><strong>Forme juridique<\/strong> : Entrepreneur individuel<br><strong>Num\u00e9ro SIREN<\/strong> : 952156115<br><strong>Num\u00e9ro SIRET<\/strong> : 95215611500018<br><strong>Num\u00e9ro TVA Intracommunautaire :<\/strong> FR38952156115<\/li><\/ul><h2 class=\"wp-block-heading\">1. Objet<\/h2><p>Les pr\u00e9sentes Conditions G\u00e9n\u00e9rales de Vente (CGV) d\u00e9finissent les termes et conditions applicables \u00e0 la vente de produits\/services par les merveilles de choupinou \u00e0 ses clients.<\/p><h2 class=\"wp-block-heading\">2. Acceptation des Conditions G\u00e9n\u00e9rales de Vente<\/h2><p>Toute commande pass\u00e9e aupr\u00e8s desmerveillesdechoupinou.fr implique l&rsquo;acceptation sans r\u00e9serve des pr\u00e9sentes CGV.<\/p><h2 class=\"wp-block-heading\">3. Produits et Services<\/h2><p>Les caract\u00e9ristiques essentielles des produits et services et leurs prix respectifs sont mis \u00e0 la disposition de l&rsquo;acheteur sur le site Internet de l&rsquo;entreprise ou dans les documents de vente.<\/p><h2 class=\"wp-block-heading\">4. Prix<\/h2><p>Les prix des produits et services sont indiqu\u00e9s en euros, toutes taxes comprises (TTC). Les merveilles de choupinou se r\u00e9serve le droit de modifier ses prix \u00e0 tout moment, mais les produits\/services seront factur\u00e9s sur la base des tarifs en vigueur au moment de la validation de la commande.<\/p><h2 class=\"wp-block-heading\">5. Commandes<\/h2><p>Les commandes peuvent \u00eatre pass\u00e9es :<\/p><ul class=\"wp-block-list\"><li>Sur le site Internet : lesmerveillesdechoupinou.fr<\/li><\/ul><p>Toute commande implique l&rsquo;acceptation des prix et des descriptions des produits disponibles \u00e0 la vente.<\/p><h2 class=\"wp-block-heading\">6. Modalit\u00e9s de Paiement<\/h2><p>Le paiement s&rsquo;effectue :<\/p><ul class=\"wp-block-list\"><li>Par carte bancaire<\/li>\n\n<li>Par virement bancaire<\/li><\/ul><p>La commande sera trait\u00e9e d\u00e8s r\u00e9ception du paiement.<\/p><p>Le d\u00e9lais de fabrication est de sept jours<\/p><h2 class=\"wp-block-heading\">7. Livraison<\/h2><p>Les produits sont livr\u00e9s \u00e0 l&rsquo;adresse de livraison indiqu\u00e9e lors de la commande. Les d\u00e9lais de livraison sont donn\u00e9s \u00e0 titre indicatif et un retard \u00e9ventuel ne donne pas droit \u00e0 l&rsquo;acheteur d&rsquo;annuler la vente, de refuser la marchandise ou de r\u00e9clamer des dommages et int\u00e9r\u00eats.<\/p><p>Nous vous proposons <strong>mondial Relay <\/strong><\/p><figure class=\"wp-block-table\"><table class=\"has-fixed-layout\"><thead><tr><td>D\u00e9lais Moyens<\/td><td rowspan=\"2\">3j ouvr\u00e9s<\/td><\/tr><\/thead><\/table><\/figure><h2 class=\"wp-block-heading\">8. R\u00e9tractation<\/h2><p>Conform\u00e9ment \u00e0 la loi, l&rsquo;acheteur dispose d&rsquo;un d\u00e9lai de r\u00e9tractation de 14 jours \u00e0 compter de la r\u00e9ception des produits pour exercer son droit de r\u00e9tractation sans avoir \u00e0 justifier de motifs ni \u00e0 payer de p\u00e9nalit\u00e9s, \u00e0 l&rsquo;exception des frais de retour.<\/p><h2 class=\"wp-block-heading\">9. Garantie<\/h2><p>Les produits b\u00e9n\u00e9ficient de la garantie l\u00e9gale de conformit\u00e9 et de la garantie des vices cach\u00e9s. En cas de non-conformit\u00e9 d&rsquo;un produit vendu, il pourra \u00eatre retourn\u00e9, \u00e9chang\u00e9 ou rembours\u00e9.<\/p><h2 class=\"wp-block-heading\">10. Responsabilit\u00e9<\/h2><p>La responsabilit\u00e9 de [Nom de l&rsquo;Entreprise] ne pourra \u00eatre engag\u00e9e en cas de non-respect de la l\u00e9gislation du pays o\u00f9 les produits sont livr\u00e9s. Il appartient au client de v\u00e9rifier aupr\u00e8s des autorit\u00e9s locales les possibilit\u00e9s d&rsquo;importation ou d&rsquo;utilisation des produits ou services qu&rsquo;il envisage de commander.<\/p><h2 class=\"wp-block-heading\">11. Donn\u00e9es Personnelles<\/h2><p>Les merveilles de choupinou s&rsquo;engage \u00e0 prot\u00e9ger les donn\u00e9es personnelles de ses clients. Les informations recueillies sont n\u00e9cessaires \u00e0 la gestion des commandes et aux relations commerciales. Conform\u00e9ment \u00e0 la loi \u00ab\u00a0Informatique et Libert\u00e9s\u00a0\u00bb, le client dispose d&rsquo;un droit d&rsquo;acc\u00e8s, de modification et de suppression des donn\u00e9es le concernant.<\/p><h2 class=\"wp-block-heading\">12. Propri\u00e9t\u00e9 Intellectuelle<\/h2><p>Tous les \u00e9l\u00e9ments du site lesmerveillesdechoupinou.fr sont et restent la propri\u00e9t\u00e9 intellectuelle et exclusive des merveilles de choupinou. Nul n&rsquo;est autoris\u00e9 \u00e0 reproduire, exploiter, rediffuser ou utiliser \u00e0 quelque titre que ce soit, m\u00eame partiellement, des \u00e9l\u00e9ments du site.<\/p><h2 class=\"wp-block-heading\">13. Droit applicable<\/h2><p>Les pr\u00e9sentes conditions g\u00e9n\u00e9rales de vente sont soumises \u00e0 la loi fran\u00e7aise. En cas de litige, les tribunaux fran\u00e7ais seront seuls comp\u00e9tents.<\/p><hr class=\"wp-block-separator has-alpha-channel-opacity\"\/><p>Assurez-vous d&rsquo;adapter ces conditions \u00e0 votre situation sp\u00e9cifique et, si n\u00e9cessaire, de consulter un avocat pour vous assurer que vos CGV sont conformes aux lois et r\u00e9glementations en vigueur.<\/p><p>4o<\/p>","protected":false},"excerpt":{"rendered":"<p>. Conditions G\u00e9n\u00e9rales de Vente Mentions L\u00e9gales Identit\u00e9 du Vendeur Responsables de la Publication H\u00e9bergement du Site Informations L\u00e9gales 1. [&hellip;]<\/p>\n","protected":false},"author":1,"featured_media":0,"parent":0,"menu_order":0,"comment_status":"closed","ping_status":"closed","template":"","meta":{"site-sidebar-layout":"default","site-content-layout":"","ast-site-content-layout":"","site-content-style":"default","site-sidebar-style":"default","ast-global-header-display":"","ast-banner-title-visibility":"","ast-main-header-display":"","ast-hfb-above-header-display":"","ast-hfb-below-header-display":"","ast-hfb-mobile-header-display":"","site-post-title":"","ast-breadcrumbs-content":"","ast-featured-img":"","footer-sml-layout":"","theme-transparent-header-meta":"","adv-header-id-meta":"","stick-header-meta":"","header-above-stick-meta":"","header-main-stick-meta":"","header-below-stick-meta":"","astra-migrate-meta-layouts":"default","ast-page-background-enabled":"default","ast-page-background-meta":{"desktop":{"background-color":"var(--ast-global-color-4)","background-image":"","background-repeat":"repeat","background-position":"center center","background-size":"auto","background-attachment":"scroll","background-type":"","background-media":"","overlay-type":"","overlay-color":"","overlay-opacity":"","overlay-gradient":""},"tablet":{"background-color":"","background-image":"","background-repeat":"repeat","background-position":"center center","background-size":"auto","background-attachment":"scroll","background-type":"","background-media":"","overlay-type":"","overlay-color":"","overlay-opacity":"","overlay-gradient":""},"mobile":{"background-color":"","background-image":"","background-repeat":"repeat","background-position":"center center","background-size":"auto","background-attachment":"scroll","background-type":"","background-media":"","overlay-type":"","overlay-color":"","overlay-opacity":"","overlay-gradient":""}},"ast-content-background-meta":{"desktop":{"background-color":"var(--ast-global-color-5)","background-image":"","background-repeat":"repeat","background-position":"center center","background-size":"auto","background-attachment":"scroll","background-type":"","background-media":"","overlay-type":"","overlay-color":"","overlay-opacity":"","overlay-gradient":""},"tablet":{"background-color":"var(--ast-global-color-5)","background-image":"","background-repeat":"repeat","background-position":"center center","background-size":"auto","background-attachment":"scroll","background-type":"","background-media":"","overlay-type":"","overlay-color":"","overlay-opacity":"","overlay-gradient":""},"mobile":{"background-color":"var(--ast-global-color-5)","background-image":"","background-repeat":"repeat","background-position":"center center","background-size":"auto","background-attachment":"scroll","background-type":"","background-media":"","overlay-type":"","overlay-color":"","overlay-opacity":"","overlay-gradient":""}},"footnotes":""},"class_list":["post-10","page","type-page","status-publish","hentry"],"yoast_head":"<!-- This site is optimized with the Yoast SEO plugin v23.2 - https:\/\/yoast.com\/wordpress\/plugins\/seo\/ -->\n<title>Conditions g\u00e9n\u00e9rales de vente - Les merveilles de choupinou<\/title>\n<meta name=\"robots\" content=\"index, follow, max-snippet:-1, max-image-preview:large, max-video-preview:-1\" \/>\n<link rel=\"canonical\" href=\"https:\/\/lesmerveillesdechoupinou.fr\/index.php\/remboursements_retours\/\" \/>\n<meta property=\"og:locale\" content=\"fr_FR\" \/>\n<meta property=\"og:type\" content=\"article\" \/>\n<meta property=\"og:title\" content=\"Conditions g\u00e9n\u00e9rales de vente - Les merveilles de choupinou\" \/>\n<meta property=\"og:description\" content=\". Conditions G\u00e9n\u00e9rales de Vente Mentions L\u00e9gales Identit\u00e9 du Vendeur Responsables de la Publication H\u00e9bergement du Site Informations L\u00e9gales 1. [&hellip;]\" \/>\n<meta property=\"og:url\" content=\"https:\/\/lesmerveillesdechoupinou.fr\/index.php\/remboursements_retours\/\" \/>\n<meta property=\"og:site_name\" content=\"Les merveilles de choupinou\" \/>\n<meta property=\"article:modified_time\" content=\"2024-09-19T14:44:51+00:00\" \/>\n<meta property=\"og:image\" content=\"https:\/\/lesmerveillesdechoupinou.fr\/wp-content\/uploads\/2024\/07\/Choupinou.png\" \/>\n\t<meta property=\"og:image:width\" content=\"500\" \/>\n\t<meta property=\"og:image:height\" content=\"500\" \/>\n\t<meta property=\"og:image:type\" content=\"image\/png\" \/>\n<meta name=\"twitter:card\" content=\"summary_large_image\" \/>\n<meta name=\"twitter:label1\" content=\"Dur\u00e9e de lecture estim\u00e9e\" \/>\n\t<meta name=\"twitter:data1\" content=\"4 minutes\" \/>\n<script type=\"application\/ld+json\" class=\"yoast-schema-graph\">{\"@context\":\"https:\/\/schema.org\",\"@graph\":[{\"@type\":\"WebPage\",\"@id\":\"https:\/\/lesmerveillesdechoupinou.fr\/index.php\/remboursements_retours\/\",\"url\":\"https:\/\/lesmerveillesdechoupinou.fr\/index.php\/remboursements_retours\/\",\"name\":\"Conditions g\u00e9n\u00e9rales de vente - Les merveilles de choupinou\",\"isPartOf\":{\"@id\":\"https:\/\/lesmerveillesdechoupinou.fr\/#website\"},\"datePublished\":\"2024-07-31T10:03:51+00:00\",\"dateModified\":\"2024-09-19T14:44:51+00:00\",\"breadcrumb\":{\"@id\":\"https:\/\/lesmerveillesdechoupinou.fr\/index.php\/remboursements_retours\/#breadcrumb\"},\"inLanguage\":\"fr-FR\",\"potentialAction\":[{\"@type\":\"ReadAction\",\"target\":[\"https:\/\/lesmerveillesdechoupinou.fr\/index.php\/remboursements_retours\/\"]}]},{\"@type\":\"BreadcrumbList\",\"@id\":\"https:\/\/lesmerveillesdechoupinou.fr\/index.php\/remboursements_retours\/#breadcrumb\",\"itemListElement\":[{\"@type\":\"ListItem\",\"position\":1,\"name\":\"Accueil\",\"item\":\"https:\/\/lesmerveillesdechoupinou.fr\/\"},{\"@type\":\"ListItem\",\"position\":2,\"name\":\"Conditions g\u00e9n\u00e9rales de vente\"}]},{\"@type\":\"WebSite\",\"@id\":\"https:\/\/lesmerveillesdechoupinou.fr\/#website\",\"url\":\"https:\/\/lesmerveillesdechoupinou.fr\/\",\"name\":\"Les merveilles de choupinou\",\"description\":\"peluche fait main\",\"publisher\":{\"@id\":\"https:\/\/lesmerveillesdechoupinou.fr\/#organization\"},\"alternateName\":\"peluche au crochet\",\"potentialAction\":[{\"@type\":\"SearchAction\",\"target\":{\"@type\":\"EntryPoint\",\"urlTemplate\":\"https:\/\/lesmerveillesdechoupinou.fr\/?s={search_term_string}\"},\"query-input\":\"required name=search_term_string\"}],\"inLanguage\":\"fr-FR\"},{\"@type\":\"Organization\",\"@id\":\"https:\/\/lesmerveillesdechoupinou.fr\/#organization\",\"name\":\"Les merveilles de choupinou\",\"url\":\"https:\/\/lesmerveillesdechoupinou.fr\/\",\"logo\":{\"@type\":\"ImageObject\",\"inLanguage\":\"fr-FR\",\"@id\":\"https:\/\/lesmerveillesdechoupinou.fr\/#\/schema\/logo\/image\/\",\"url\":\"https:\/\/lesmerveillesdechoupinou.fr\/wp-content\/uploads\/2024\/07\/cropped-cropped-Choupinou-1.png\",\"contentUrl\":\"https:\/\/lesmerveillesdechoupinou.fr\/wp-content\/uploads\/2024\/07\/cropped-cropped-Choupinou-1.png\",\"width\":359,\"height\":330,\"caption\":\"Les merveilles de choupinou\"},\"image\":{\"@id\":\"https:\/\/lesmerveillesdechoupinou.fr\/#\/schema\/logo\/image\/\"}}]}<\/script>\n<!-- \/ Yoast SEO plugin. -->","yoast_head_json":{"title":"Conditions g\u00e9n\u00e9rales de vente - Les merveilles de choupinou","robots":{"index":"index","follow":"follow","max-snippet":"max-snippet:-1","max-image-preview":"max-image-preview:large","max-video-preview":"max-video-preview:-1"},"canonical":"https:\/\/lesmerveillesdechoupinou.fr\/index.php\/remboursements_retours\/","og_locale":"fr_FR","og_type":"article","og_title":"Conditions g\u00e9n\u00e9rales de vente - Les merveilles de choupinou","og_description":". Conditions G\u00e9n\u00e9rales de Vente Mentions L\u00e9gales Identit\u00e9 du Vendeur Responsables de la Publication H\u00e9bergement du Site Informations L\u00e9gales 1. [&hellip;]","og_url":"https:\/\/lesmerveillesdechoupinou.fr\/index.php\/remboursements_retours\/","og_site_name":"Les merveilles de choupinou","article_modified_time":"2024-09-19T14:44:51+00:00","og_image":[{"width":500,"height":500,"url":"https:\/\/lesmerveillesdechoupinou.fr\/wp-content\/uploads\/2024\/07\/Choupinou.png","type":"image\/png"}],"twitter_card":"summary_large_image","twitter_misc":{"Dur\u00e9e de lecture estim\u00e9e":"4 minutes"},"schema":{"@context":"https:\/\/schema.org","@graph":[{"@type":"WebPage","@id":"https:\/\/lesmerveillesdechoupinou.fr\/index.php\/remboursements_retours\/","url":"https:\/\/lesmerveillesdechoupinou.fr\/index.php\/remboursements_retours\/","name":"Conditions g\u00e9n\u00e9rales de vente - Les merveilles de choupinou","isPartOf":{"@id":"https:\/\/lesmerveillesdechoupinou.fr\/#website"},"datePublished":"2024-07-31T10:03:51+00:00","dateModified":"2024-09-19T14:44:51+00:00","breadcrumb":{"@id":"https:\/\/lesmerveillesdechoupinou.fr\/index.php\/remboursements_retours\/#breadcrumb"},"inLanguage":"fr-FR","potentialAction":[{"@type":"ReadAction","target":["https:\/\/lesmerveillesdechoupinou.fr\/index.php\/remboursements_retours\/"]}]},{"@type":"BreadcrumbList","@id":"https:\/\/lesmerveillesdechoupinou.fr\/index.php\/remboursements_retours\/#breadcrumb","itemListElement":[{"@type":"ListItem","position":1,"name":"Accueil","item":"https:\/\/lesmerveillesdechoupinou.fr\/"},{"@type":"ListItem","position":2,"name":"Conditions g\u00e9n\u00e9rales de vente"}]},{"@type":"WebSite","@id":"https:\/\/lesmerveillesdechoupinou.fr\/#website","url":"https:\/\/lesmerveillesdechoupinou.fr\/","name":"Les merveilles de choupinou","description":"peluche fait main","publisher":{"@id":"https:\/\/lesmerveillesdechoupinou.fr\/#organization"},"alternateName":"peluche au crochet","potentialAction":[{"@type":"SearchAction","target":{"@type":"EntryPoint","urlTemplate":"https:\/\/lesmerveillesdechoupinou.fr\/?s={search_term_string}"},"query-input":"required name=search_term_string"}],"inLanguage":"fr-FR"},{"@type":"Organization","@id":"https:\/\/lesmerveillesdechoupinou.fr\/#organization","name":"Les merveilles de choupinou","url":"https:\/\/lesmerveillesdechoupinou.fr\/","logo":{"@type":"ImageObject","inLanguage":"fr-FR","@id":"https:\/\/lesmerveillesdechoupinou.fr\/#\/schema\/logo\/image\/","url":"https:\/\/lesmerveillesdechoupinou.fr\/wp-content\/uploads\/2024\/07\/cropped-cropped-Choupinou-1.png","contentUrl":"https:\/\/lesmerveillesdechoupinou.fr\/wp-content\/uploads\/2024\/07\/cropped-cropped-Choupinou-1.png","width":359,"height":330,"caption":"Les merveilles de choupinou"},"image":{"@id":"https:\/\/lesmerveillesdechoupinou.fr\/#\/schema\/logo\/image\/"}}]}},"jetpack_sharing_enabled":true,"_links":{"self":[{"href":"https:\/\/lesmerveillesdechoupinou.fr\/index.php\/wp-json\/wp\/v2\/pages\/10","targetHints":{"allow":["GET"]}}],"collection":[{"href":"https:\/\/lesmerveillesdechoupinou.fr\/index.php\/wp-json\/wp\/v2\/pages"}],"about":[{"href":"https:\/\/lesmerveillesdechoupinou.fr\/index.php\/wp-json\/wp\/v2\/types\/page"}],"author":[{"embeddable":true,"href":"https:\/\/lesmerveillesdechoupinou.fr\/index.php\/wp-json\/wp\/v2\/users\/1"}],"replies":[{"embeddable":true,"href":"https:\/\/lesmerveillesdechoupinou.fr\/index.php\/wp-json\/wp\/v2\/comments?post=10"}],"version-history":[{"count":5,"href":"https:\/\/lesmerveillesdechoupinou.fr\/index.php\/wp-json\/wp\/v2\/pages\/10\/revisions"}],"predecessor-version":[{"id":884,"href":"https:\/\/lesmerveillesdechoupinou.fr\/index.php\/wp-json\/wp\/v2\/pages\/10\/revisions\/884"}],"wp:attachment":[{"href":"https:\/\/lesmerveillesdechoupinou.fr\/index.php\/wp-json\/wp\/v2\/media?parent=10"}],"curies":[{"name":"wp","href":"https:\/\/api.w.org\/{rel}","templated":true}]}}